alculate h(s).
0
Let x(l) = l**3 + 2*l**2 - l + 4. Suppose 4*k - 68 + 20 = 0. Suppose -i - 7 = -4*j, 3*j - k = 2*i + i. Determine x(i).
-2
Let q(h) be the second derivative of 0 - 6*h + 1/3*h**3 + 3/2*h**2. Calculate q(-4).
-5
Let j(a) = a - 1. Let c(q) = -q**3 - 2*q**2 + 5*q + 6. Let k be c(-3). Calculate j(k).
-1
Let p(f) be the second derivative of 0 - 7*f + 1/6*f**4 - 1/6*f**3 + 0*f**2. Determine p(2).
6
Let l(z) be the first derivative of z**3/3 + z**2/2 - 5*z - 9. Calculate l(-4).
7
Let j be (1/2)/((-4)/(-24)). Let w be (j/(-6))/(1/4). Let y be (-2)/(4/w) + 3. Let c(u) = u**3 - 4*u**2 + u. What is c(y)?
4
Let j(t) = -4*t - 7. Let k(h) = -8*h - 14. Let c(x) = 7*j(x) - 3*k(x). Give c(-5).
13
Let z(u) = 5*u**2 + 21*u - 18. Let b(i) = -2*i**2 - 7*i + 6. Let x(o) = -11*b(o) - 4*z(o). What is x(4)?
10
Let k(h) = h - 5. Let w be k(-9). Let j be (-37)/(-7) + 4/w. Let f(s) = 6*s - 4*s + 2*s + 6 - j*s. Calculate f(3).
3
Let d(t) = t**2 - 9 + t**3 - t - 7 + 11. Give d(0).
-5
Let d(v) = v**3 + 5*v**2 + 3*v - 1. Let m be (-2 + 6)/(3 - 4). Give d(m).
3
Let c = -6 - -6. Let o(g) = g**2 + c*g**2 - 5*g + 11*g - 6. Determine o(-6).
-6
Let f(g) = 1 + 0 + 2*g + 3 - 1. Let m(b) = b + 4. Let d be m(-3). Let c(j) = -3*j + 1. Let v be c(d). Determine f(v).
-1
Let g be (3 + -1)/(2/1). Let m(u) = 3*u**2 + 10*u - 4. Let r(a) = -3*a**2 - 8*a + 3. Let d(s) = -4*m(s) - 5*r(s). Give d(g).
4
Let t(d) = 3 - 9 + d**2 + 3. Let n = 2 - 2. Calculate t(n).
-3
Let h be -1 + 2 - 2 - -9. Suppose -h = -3*z - 23. Let m(r) = r**3 + 5*r**2 - r - 2. Give m(z).
3
Let d(a) be the second derivative of -1/6*a**3 + 9*a + 0 + 3*a**2. What is d(7)?
-1
Let k(i) = -8*i**2 + 0*i**3 - 21 + i**3 + 7*i + 11. Determine k(7).
-10
Let z(g) = -22 + 39 - 15 + g. Suppose 3*b + 0 = -3*t + 24, 2*b = 6. Calculate z(t).
7
Let z(q) = -2*q**2 - 7 + 5*q**2 - 2*q**2 + 4*q. What is z(-6)?
5
Let p(c) = 2*c - 9. Suppose 10 + 14 = 2*o. Suppose j + j = o. What is p(j)?
3
Let l(u) = 2*u - 1. Let x be l(1). Suppose -o + 3*t - x = 2, -4*t + 20 = -4*o. Let b be ((-9)/o)/((-9)/24). Let m(r) = r**2 + 4*r + 5. Calculate m(b).
5
Let p(w) be the first derivative of w**7/840 + w**6/120 - w**5/40 - w**4/12 - 2*w**3/3 - 2. Let o(q) be the third derivative of p(q). What is o(-3)?
7
Let d(x) be the first derivative of -x**3/3 - 2*x**2 - 2*x + 2. Let v(c) = -c - 1. Let k be v(1). Give d(k).
2
Suppose 17*v = 15*v + 10. Let j(p) = -p + 9. Calculate j(v).
4
Let j(h) be the second derivative of 0*h**3 + 0 - 1/12*h**4 - 1/4*h**5 - 3*h + 0*h**2. What is j(-1)?
4
Let d(i) = i - 7. Let l(q) = -q**3 - q**2 + 1. Let p be l(-2). Let t = 10 - p. Let z be d(t). Let c(j) = 2*j**2 + 2*j + 2. What is c(z)?
6
Let g(b) = 9 - b + 1 - 22 + 9. Determine g(-3).
0
Let n(m) be the third derivative of -3*m**4/8 - m**3/6 - 35*m**2. Calculate n(-1).
8
Let j(i) = -5*i**3 + i**2 - 4*i - 6. Let w(a) = 11*a**3 - 2*a**2 + 9*a + 13. Let c(u) = -9*j(u) - 4*w(u). Determine c(0).
2
Let o(n) be the first derivative of -n**3/3 + 3*n**2/2 - n + 1. Let b(s) = 2*s + 27. Let h be b(-12). Give o(h).
-1
Suppose -3*s = -0*s. Let x(z) = -3 + s*z + 1 + z + 4. What is x(5)?
7
Suppose -3*g + 7*g = 12. Let v(b) = -7*b - 3*b**2 - 6*b + 9*b + 1 + b**g + b. Determine v(4).
5
Let j(n) be the second derivative of -n**5/20 - n**4/4 + 2*n**3/3 - n**2 + 13*n. What is j(-4)?
-2
Let f(j) be the second derivative of -j + 0*j**3 + 6*j**2 + 1/20*j**5 + 0 + 0*j**4. What is f(0)?
12
Let l = -3 - -3. Let z be (l - -3)*4/(-6). Let d(m) = m**3 - 6*m**2 + 3*m + 2. Let c(a) = 5*a**2 - 2*a - 2. Let q(w) = -3*c(w) - 2*d(w). Determine q(z).
6
Let u(s) = 3*s. Let d(m) be the first derivative of m**3/3 + m**2/2 + m - 2. Let h be d(0). What is u(h)?
3
Let q = 8 - 8. Let v(t) be the second derivative of 3*t + 0 + q*t**2 + 7/6*t**3. Give v(-1).
-7
Let z(a) = 7*a**3 - 2*a**2 + 2*a + 6. Let k(f) = 6*f**3 - 2*f**2 + 2*f + 5. Let w(q) = -6*k(q) + 5*z(q). Suppose 7 = 3*o + 1. Give w(o).
-4
Let u = -10 + 1. Let s = -8 - u. Let a(i) = -13*i**3 + i**2 - 1. Give a(s).
-13
Let s = -18 + 14. Let j(d) = d**2 - 3*d + 6*d**2 - 3 + d**3 - 4*d**2. Determine j(s).
-7
Let y(g) be the second derivative of 1/6*g**3 + 4*g + 0 - g**2. Give y(-3).
-5
Let k(j) = j**3 + 3*j**2 - 2*j - 1. Let y be k(-3). Let u(r) = 4*r - 1. Let l(n) = -21*n + 4. Let d(v) = 2*l(v) + 11*u(v). Calculate d(y).
7
Let k(r) = -2*r. Suppose 3*u = -u. Let b be (1 + 0)*(-12)/6. Let v = b + u. Calculate k(v).
4
Suppose -4*q = -7 - 1. Suppose 3*w + 3*r - 21 = 0, q*w + 0*w - 10 = -r. Let a(j) = 4*j**3 - 3*j**3 + 2*j - 1 + 0 - 4*j**2. Give a(w).
-4
Suppose 0 = h - 3. Suppose h + 1 = 2*p. Let v(y) = -2*y - 22 + 0*y + 25. Calculate v(p).
-1
Let v(h) = 5*h - 1. Let c = 8 - 2. Let x(b) = b - 5. Let z be x(c). Determine v(z).
4
Let v(p) = -p**2 - 4*p - 2. Let b(d) = -d**2 + 6*d - 5. Suppose 0 = 3*m - 24 + 6. Let c be b(m). Determine v(c).
-7
Let z(r) = r**2 + 2*r + 1. Let u be 15/(30/(-4)) + (1 - 0). Calculate z(u).
0
Let u(a) = 4*a + 1. Let f be u(1). Suppose -5*d - 4*o - 7 = 0, 0 = -5*d + 3*d + 4*o + 14. Let k(b) = -5*b - 10*b + 14*b - d. Determine k(f).
-6
Let u(h) be the third derivative of 0*h - 1/6*h**3 + 0 + 4*h**2 + 0*h**4 + 1/60*h**5. Let z be u(-1). Let i(p) = -p**2 + p + 1. Calculate i(z).
1
Let u(z) = -4*z**3 + 1 - 3*z**3 + 0*z**3 + 6*z**3 + 4*z**2 + z. Calculate u(4).
5
Let v(x) = x - 4 + 4*x - 4*x. Suppose -5*i + 2*f + f = -19, -4*f - 16 = -2*i. Let u be (-22)/4 + i/4. Determine v(u).
-9
Suppose o - 3*o + 8 = 0. Suppose 2*w = -2*a + a - 3, -o*w - 4*a - 12 = 0. Let p(x) = x**2 + 6*x**2 + 0*x - 6*x**2 - 6 - x. Give p(w).
-6
Let b be (0 + 0 - 1)*1. Let i(x) = 3 - 9*x**2 + 0*x + 6*x**2 - 3*x + 0*x. Let k(w) = w**2 - w + 1. Let m(a) = b*i(a) - 2*k(a). Calculate m(-5).
-5
Suppose -p + 29 = b - 6*b, 0 = -5*b - 25. Let f = p + -6. Let c = 1 + f. Let o(w) = -8*w - 1. Give o(c).
7
Let j(h) = h**2 - 7*h + 3. Suppose -3 + 11 = 4*l. Let r(d) = -3*d**2 - 4*d - d**3 + 3 + l*d + 1 - 5. Let q be r(-3). Determine j(q).
-7
Let r(m) = 2*m + 7. Suppose 6*v - 3*v = -21. Determine r(v).
-7
Let o(f) = -7*f**2 + 3*f + 2. Let g be o(-1). Let d(q) = -q**2 - 8*q - 2. Let h be d(g). Let v(i) = -2*i**3 - 3*i**2 - 4*i - 3. Calculate v(h).
9
Let l(m) = -m + 4*m + 7 + 4*m - 6*m. Let a be (-4)/(-6) - 8/(-6). Let x = -2 + a. Calculate l(x).
7
Let s(i) = -i**3 - 14*i**2 - 7*i - 1. Let y(x) = 2*x**3 + 27*x**2 + 14*x + 3. Let h(u) = -11*s(u) - 6*y(u). Calculate h(-7).
-7
Suppose 4*t = -t + 15. Let g(y) be the first derivative of y**4/4 - 2*y**3/3 - y**2/2 + y - 9. Determine g(t).
7
Let d(v) = v - 7. Let i = 27 + -27. Determine d(i).
-7
Let b(s) = s**3 - 6*s**2 - 7*s + 2. Let v be b(7). Let z(j) = -j**2 - j. Determine z(v).
-6
Let k be 14 + -15 - (-13)/12. Let w(o) be the second derivative of k*o**4 - 1/6*o**3 + 0 + o**2 - 2*o. What is w(-2)?
8
Suppose 0*o = -o - 4. Let k(v) = v**2 - 4. Determine k(o).
12
Let p be (-26)/78 - 2/(-6). Let l(a) be the second derivative of 1/6*a**3 + 2*a**2 - 4*a + p. Calculate l(-3).
1
Let m(s) be the first derivative of 0*s + 1 - 1/2*s**2. Suppose -z = 5*p + 5, z = 2*p - 3*z + 24. What is m(p)?
2
Let n = 73 + -67. Let z(a) = 4*a**2 - 24*a + 12. Let d(p) = p**2 - 6*p + 3. Let y(k) = 9*d(k) - 2*z(k). Calculate y(n).
3
Let z(o) = -4 + 5 - 3 + o. Let y be (-1)/4 + 14/(-8). What is z(y)?
-4
Let y(z) = -z**2 - 17. Let h = 34 + -34. Give y(h).
-17
Suppose 5*z + 1 = 41. Let t(m) = -m**3 + 9*m**2 - 9*m - 2. Calculate t(z).
-10
Let t(p) = -1 - 1 - 4*p**2 - 10*p + 11 + 5*p**2. Give t(8).
-7
Let s = -7 + 7. Suppose 0 = -s*n - n. Let d(u) = -u + 10. Determine d(n).
10
Let n(o) = -o - 2. Suppose -5*s + 3*j + 8 = -10*s, 3*s - 2*j + 20 = 0. Let p be (-2)/((1 + 1)/s). Suppose 0 = -4*i + c + 21, -p*c + 0 - 8 = 3*i. Determine n(i).
-6
Let l(c) = -c**2 - 7*c - 7. Let x = -7 - -10. Suppose x*b - 5*w - 155 = 0, 0*b + 3*w + 103 = 2*b. Let a be ((-2)/(-4))/((-5)/b). Calculate l(a).
3
Suppose 14 = 2*g + 2*t, 3*t = 2*g - 0*t + 11. Let y(h) = -6 + 6*h + 0*h - 1 + 3 - h**g. Give y(6).
-4
Let s(w) = 2*w + 2. Let l(c) = c**3 + 6*c**2 + 2*c + 6. Let f be l(-6). Give s(f).
-10
Let b(t) = -t**2 - t - 7. Let c be b(0). Let y(v) = v + 12. Calculate y(c).
5
Let g = 33 - 30. Let r(b) be the third derivative of -b**2 + 0*b - 2/3*b**g + 1/24*b**4 + 0. Calculate r(3).
-1
Let w(o) = -5*o + 11. 